= 58 - 39. What is the remainder when 54 is divided by w?
16
Let o(g) = -g**3 - g**2 - g - 1. Let i be o(-1). What is the remainder when (6 - i)*(-3)/(-2) is divided by 6?
3
Let j(d) = -2*d + 6. Let c be j(-6). Let l = 11 - 7. What is the remainder when c*1/3*1 is divided by l?
2
Suppose -10*y + 5 + 75 = 0. Calculate the remainder when 11 is divided by y.
3
Let z be (3/(3/(-4)))/(-2). Suppose 2*o + 29 = z*p - o, 3*o = 3*p - 48. Calculate the remainder when p is divided by 10.
9
Let p(d) = -d**3 + 4*d**2 + 7*d + 1. Let o = 2 - -3. Calculate the remainder when 43 is divided by p(o).
10
Let d = 10 + 7. What is the remainder when 50 is divided by d?
16
Suppose 11 = 2*n - 1. Let w = n - -11. Calculate the remainder when 33 is divided by w.
16
Calculate the remainder when 42 - (3/12 + (-3)/12) is divided by 22.
20
Let x(q) = -6*q + 1. Let o be x(-2). Suppose 2*s = 10, -4*b + s = -o - 6. What is the remainder when b is divided by (-26)/(-6) + (-1)/3?
2
Let m(i) = 3*i**3 + 20*i**2 - 9*i - 9. Let u be m(-7). Suppose -5*b = -0*b - 50. Let j = b - u. Calculate the remainder when 8 is divided by j.
3
Suppose 3*g + u - 11 = 0, 3*g = -3*u + 3 - 0. What is the remainder when g is divided by 2?
1
Suppose 10 = 4*f - 10. Suppose 2*g = f*k - 6, g - 1 = -4. Suppose -3*u + 33 + 3 = k. What is the remainder when 35 is divided by u?
11
Suppose 15*b - 320 = -b. Calculate the remainder when 98 is divided by b.
18
Suppose 2 = 2*j, -j - 27 + 0 = 4*f. Let u = 17 + f. Calculate the remainder when u is divided by 1/8 + 62/16.
2
Suppose -2*t - n - 3*n + 74 = 0, 0 = 5*t + 4*n - 179. Calculate the remainder when 102 is divided by t.
32
Let b = 1 + 10. Calculate the remainder when b is divided by 3.
2
Let w be ((-3)/(-1))/(9/12). Suppose 0*z + 26 = -5*i - w*z, 5*i = -2*z - 28. Let n = 11 - i. Calculate the remainder when n is divided by 9.
8
Let a(v) = -3*v + 3. Let m(p) = p + 4. Let g be m(-8). Calculate the remainder when 24 + (-3)/((-6)/g) is divided by a(-3).
10
Let v = 18 - 13. Suppose 26 = 7*n - 2*n - z, 0 = n + v*z - 26. Calculate the remainder when 2/(-5) + 104/10 is divided by n.
4
Let v = -14 - -28. Let n = -10 + v. Suppose n*y + 0*y = 44. What is the remainder when y is divided by 4?
3
Suppose -3*w + 52 = 2*w - a, 2*w - 2*a = 16. Suppose 6*l + 57 = 2*v + 9*l, 58 = 3*v - l. What is the remainder when v is divided by w?
10
Let j be (-1302)/(-27) - 2/9. Suppose -5*z + j = 18. Suppose 2*c - c = z. Calculate the remainder when 23 is divided by c.
5
Suppose 0*f - 3*f + 63 = 0. What is the remainder when 60 is divided by f?
18
Let d(z) = 8*z - 5. Suppose 2*b + 5*u - 71 = -2*b, -4*b + u + 53 = 0. What is the remainder when d(4) is divided by b?
13
Let p = -10 + 14. Suppose -5*o + 6 = -p*o. Let i = -24 + 41. Calculate the remainder when i is divided by o.
5
Let o = 102 + -92. Let z(i) = 2*i**2 - 1. What is the remainder when z(3) is divided by o?
7
Let z be 119*3/(-3) + 2. Let m = -39 - z. Let l = 118 - m. Calculate the remainder when l is divided by 14.
12
Let l(q) = q. Let x(z) = 7*z + 13. Let a(r) = -6*l(r) + x(r). Suppose -6 = g + 4*n, -4*g + 35 = 2*n + 3. What is the remainder when a(g) is divided by 12?
11
Let z(m) = 4*m - 11. Let d be 0/4 - (-6 - -1). Calculate the remainder when 26 is divided by z(d).
8
Let x = 7 + -3. Let r(k) = k**3 - 6*k**2 - 7*k + 5. Let n be r(7). Calculate the remainder when (9/n)/(6/20) is divided by x.
2
Suppose d + 2 - 4 = 0. Calculate the remainder when (114/(-18))/(d/(-12)) is divided by 13.
12
Calculate the remainder when 3/2*184*(-1)/(-3) is divided by 19.
16
Let i be (-4 + 1)/((-3)/5). Suppose i*u - 45 = 15. What is the remainder when 45 is divided by u?
9
Let b = 1 - -3. Suppose -j - 3*h = -21 - b, -4*j + 5*h + 117 = 0. What is the remainder when j is divided by 16?
12
Suppose -12 = 14*n - 16*n. Suppose -n = -f - u, 5*u = -4*f - 8 + 32. What is the remainder when f is divided by 3?
0
Calculate the remainder when 61 - 6 - (6 + -1) is divided by 21.
8
What is the remainder when (2 - -70)*1 + 1 is divided by 19?
16
Suppose -12*q = -11*q - 33. What is the remainder when q is divided by 12?
9
Let u(y) = y**2 + 7*y - 7. Suppose d + 0*d = 15. Suppose -3*b = b - 3*f + 1, 5*f = d. What is the remainder when b is divided by u(-8)?
0
Let w(a) = 3*a + 3 + 6 + 0. Let b(z) = -3*z - 8. Let q(l) = -5*b(l) - 4*w(l). What is the remainder when q(5) is divided by 10?
9
Suppose -c = -27 - 25. Let o = c - 20. Calculate the remainder when o is divided by 17.
15
Let s = -2 + 4. Let i(a) = -a - 1. Let d be i(s). What is the remainder when 2 + 23 + 5 + d is divided by 14?
13
Let a = 57 + -29. What is the remainder when a is divided by 6?
4
Let v be 1 - 0 - 32/(-4). What is the remainder when 14 is divided by v/(-12) - 46/(-8)?
4
Let y be 1 - (-5 + 0 + 0). Let l be -2 + 0 + (-12)/(-3). Suppose 0 = l*u - y, -6*j - u = -5*j - 11. What is the remainder when 14 is divided by j?
6
Suppose a = -0*c + c - 85, -3*c = 4*a - 290. Calculate the remainder when c is divided by 23.
21
Let w = 36 + -20. Let k = 4 + 0. Suppose 0 = 5*m + o - 20 - 6, -5*m + k*o + 46 = 0. What is the remainder when w is divided by m?
4
Suppose 50 = 2*f - 5*i, -i + 122 = 6*f - 2*f. Calculate the remainder when f is divided by 11.
8
Let k(n) = 10*n**3 + n**2 + 2*n + 1. Let j be k(-1). Let f = 47 + j. Suppose f + 15 = 2*b. Calculate the remainder when b is divided by 14.
12
Let y = 9 + -3. Suppose -15 = -6*n + n. Calculate the remainder when y is divided by n.
0
Suppose h - 44 = -3*h. Let c(n) = -n**2 - n + 5. Let i be c(0). Suppose 0*w = -3*w - i*y + 3, w + 3 = -3*y. What is the remainder when h is divided by w?
5
Suppose h + 3 = 16. Calculate the remainder when 101 is divided by h.
10
Let w(v) = -v**3 + 15*v**2 - 11*v - 11. What is the remainder when w(14) is divided by 11?
9
Let q(r) = r**2 - 6*r - 2. Let b(c) = -c + 12. Let g be b(6). Let o be q(g). Let i = o + 6. What is the remainder when i is divided by 3?
1
Suppose 30 = -6*w + 96. Let y = 1 + 6. What is the remainder when w is divided by y?
4
Let q = -10 + 77. Calculate the remainder when q is divided by 23.
21
Suppose 4*s - 6*s = 338. What is the remainder when (-1)/2*(s - -5) is divided by 21?
19
Let f = -7 + 16. Suppose t - 2 = 3*t, -4*i = 3*t - f. What is the remainder when i/6*58 - -2 is divided by 16?
15
Let m(c) = -2*c**3 + 2*c**2 + 2*c. What is the remainder when 74 is divided by m(-2)?
14
Calculate the remainder when 27 is divided by 28/6*(-420)/(-98).
7
Let v be (-32)/(-10) + (-2)/10. Suppose 0*u - 9 = -v*u. Let c = 0 + u. Calculate the remainder when 4 is divided by c.
1
Suppose 2*c - 3*n - 2*n = 0, 0 = -2*c + 2*n + 12. What is the remainder when 34 is divided by c?
4
Suppose 0 = 5*b - 823 + 198. Calculate the remainder when b is divided by 21.
20
Suppose 2 = 6*m - 5*m. Calculate the remainder when (m/1)/2*150 is divided by 38.
36
Suppose 4*f + 28 = 4*a, a - 3*f - 22 = f. Let t = -6 + 11. Suppose 5 + 4 = 3*z + 4*y, 6 = 2*z - t*y. Calculate the remainder when z is divided by a.
1
Suppose -20 = -4*f + 4*y - 48, 4*y = -4*f - 28. Let g(u) = -u**2 - 7*u + 2. Let i be g(f). Let j = i - -21. What is the remainder when j is divided by 8?
7
Let k = -31 - -46. What is the remainder when 44 is divided by k?
14
Suppose 5*s + 21 - 56 = 0. Suppose -4*z = 5*m - 140, 4 = 4*z - 16. Suppose m = s*c - 4*c. What is the remainder when 22 is divided by c?
6
Let u(c) = -c**2 - 3*c - 6. Let m be u(-4). Let o = m + 14. Suppose 2*l = 5*k + 67, 10 = l + 4*k - o. Calculate the remainder when l is divided by 9.
8
Let h = 72 + -133. Let p = h + 95. Let z(s) = -s**3 + 5*s**2 + s + 7. What is the remainder when p is divided by z(5)?
10
Suppose 0 = 2*v - 0*v - 6. Suppose v*f = -2*f + 65. Let h(x) = -x + 16. Calculate the remainder when h(f) is divided by 2.
1
Suppose 4 = 13*m - 12*m. Calculate the remainder when 33 is divided by m.
1
Calculate the remainder when 4/14 - 456/(-21) is divided by 4.
2
Let x(m) = 17*m**3 - m**2 + 2*m - 2. Let q = 35 + 26. What is the remainder when q is divided by x(1)?
13
Suppose 5*w - 17 = -4*t, t - 35 = 6*t - 5*w. What is the remainder when 71 is divided by (t - 1)*(-9 + 3)?
17
Let q = 43 + -17. Calculate the remainder when q is divided by 15.
11
Let s(g) = -g + 2*g - 6*g - 7*g**2 - 5 + g**3. What is the remainder when s(8) is